 are the prime factors of a?
3
Suppose 2*b = i + 7, 0*i = -5*i - 2*b + 1. Let g(f) = -3*f**2 + f - 26*f**3 + 3*f**2. What are the prime factors of g(i)?
5
Suppose -p - 2*c + 1916 = -739, -3*p = -c - 7972. List the prime factors of p.
2657
What are the prime factors of 2402/1 - (-6 - -10)?
2, 11, 109
Let t = -22 + 49. Suppose -t = -2*v - 7. Let d = v + 31. What are the prime factors of d?
41
Let q be ((-4 - -4) + 2)*1. Suppose -c = 3*d - 16, 3*d = 2*d + 3*c + 22. Suppose -q*l + 23 = -d. List the prime factors of l.
3, 5
What are the prime factors of (-362)/905 - (1 + 6704/(-10))?
3, 223
Let c(w) = w**3 + 14*w**2 + 16*w + 39. Let v be c(-13). Suppose -7*l + 8*l - 41 = v. What are the prime factors of l?
41
Let i(f) = 4*f**2 + 3. Suppose 0 = 5*w - 5*h - 15, 5*w - 7 = 4*h + 7. Let n be i(w). Suppose -y - 4 + n = 0. List the prime factors of y.
3, 5
Suppose 5*z = j + 7155, 6799 = 5*z + 4*j - 381. List the prime factors of z.
2, 179
Let r(f) = -21*f + 57. Suppose -k - 4*g - 24 = 0, -2*g - 12 = g. List the prime factors of r(k).
3, 5
Let k(z) = -z**2 + 4*z. Let u be k(3). Suppose 4*y = -y - 3*f + 294, -178 = -u*y - f. List the prime factors of y.
2, 3, 5
Let w = 21 - 15. Let r(c) = 16*c + 19. Let z be r(w). Suppose -z = 4*a - 315. What are the prime factors of a?
2, 5
Let y be ((-12)/9)/((-1)/3). Suppose 7*u = 9*u + y. List the prime factors of 1*2/u*-41.
41
Let v = 59 + -87. What are the prime factors of (-9)/(-9) + v/(-2)?
3, 5
Let w(i) = i**2 + 2*i + 2. Suppose 0*k - 9 = 3*k. Let r be 3 + -1 + -1 + k. What are the prime factors of w(r)?
2
Let k = 2 - -2. Suppose -4*g - 2*x + 4 + 14 = 0, 0 = -4*x + k. Suppose -g*c + 19 + 21 = 0. List the prime factors of c.
2, 5
Let y = -86 - 12. Let v be (3 + -7 - 134)*(-3 - -2). Let i = v + y. List the prime factors of i.
2, 5
Suppose -4*x + 24 - 16 = 0. Let o(p) = 19*p**2 - p - 2. List the prime factors of o(x).
2, 3
Suppose -3*h + 3*x - 15 = -6*h, -12 = 4*h - 4*x. What are the prime factors of h/((-231)/(-876) + (-1)/4)?
73
Let o(k) = -k**2 + 3*k + 19. Let v be o(-3). What are the prime factors of (108 - 2/(-2)) + 0/v?
109
Let g = 38 + -54. Let k = g - -20. Suppose -5*r + 37 = -k*r. List the prime factors of r.
37
List the prime factors of 3/(4/(-1) + (-67849)/(-16948)).
2, 223
Let m(d) = d**3 + 6*d**2 - 18*d - 14. Let l be m(-8). Suppose l*r - s - 339 = -4*s, 2*r - 5*s - 299 = 0. List the prime factors of r.
2, 3
Let j(o) be the second derivative of -4*o**3 - o**2/2 - 3*o. What are the prime factors of j(-5)?
7, 17
Let c be 1068/20 - 3/(-5). Let q = c - 0. Suppose -5*s = -4*l + q, -3*l + 56 = -0*l + 4*s. What are the prime factors of l?
2
Let c = 92 + -69. Let y(q) = q**2 - 3*q - 2. Let b be y(4). Let u = b + c. List the prime factors of u.
5
Let j = 21 - 19. Suppose -j*k = -10*k + 616. What are the prime factors of k?
7, 11
Let b = 17 - 17. Suppose b = i - 67 - 25. Let o = i + -54. What are the prime factors of o?
2, 19
Suppose m = -4*o + 832, 4*o - 4*m = 50 + 762. List the prime factors of o.
3, 23
Let l(o) = o**2 + 3*o**2 + 44*o + o**3 - 42*o. Let s be l(-2). Suppose 2*k = 4*f - 28, -2 = -s*k + 6. What are the prime factors of f?
2
Let h(d) = -d**3 + 8*d**2 - 2*d + 11. Let v be h(8). Let g = 0 - v. Suppose 0*t - t - 5 = 0, g*k - t - 85 = 0. What are the prime factors of k?
2
Let z = 1087 - 774. List the prime factors of z.
313
Suppose 0 = -7*g + 4*g + 597. Let b = g - 39. List the prime factors of b.
2, 5
Suppose 2230 = 12*v - 4442. Suppose 3*b = 4*b + 5*t - 92, 0 = -5*b - t + v. What are the prime factors of b?
2, 7
Suppose -p - 3*f = -f - 6, -4*p + 2*f + 44 = 0. Suppose 0 = -p*h + 13*h. Suppose -l = 5*i - 87, 3*l - i - 274 + 77 = h. List the prime factors of l.
67
List the prime factors of 228/57 - 2*-335.
2, 337
Let h(m) = m**3 - 22*m**2 + 21*m + 4. Let k be h(21). Let b(c) = 3*c**3 - 5*c**2 + 4*c - 7. What are the prime factors of b(k)?
11
Suppose 4*c + 1644 = 4*j, 5*j = -2*c + 4*c + 2046. Let k = 708 - j. List the prime factors of k.
2, 3, 5
Let v(o) = -59*o - 1. Let s be v(-9). Suppose 3*g + 5*q - 125 - s = 0, 4*q = -4*g + 868. What are the prime factors of g?
5, 43
Let k(t) = 8*t + 3. Let n be 0 + -3 - (1 + 1). Let i be k(n). Let p = i - -52. List the prime factors of p.
3, 5
List the prime factors of 527*(15/(-3) + 6).
17, 31
Let h = -290 + 450. Let f = 260 - h. List the prime factors of f.
2, 5
Suppose -3*s + 284 = -4*a, 2*s + 122*a - 195 = 119*a. Suppose -8 - 2 = 5*d. List the prime factors of (-21)/d*s/14.
2, 3
Let a be (-5 - -8) + 2 + (-14 - -1). Suppose x + 2 = 0, -n - 206 = -4*x - 0*x. What are the prime factors of 10/40 + n/a?
3
Let y be 0 - 4 - (9 + -57). Suppose -c + 42 = 2*j, -2*c - 5*j - y = -129. List the prime factors of c.
2, 5
Suppose 3 = -3*v + 3*c, 4*v + 4*c = -v + 22. Suppose -15 = x - v*x. What are the prime factors of x?
3, 5
Let j(d) = 6*d**2 + 2*d + 1. Let h be j(-1). Suppose -h*b - 2*s = -18 + 6, 0 = -3*b - 2*s + 8. Suppose -2*l = -26 + b. What are the prime factors of l?
2, 3
Let w be -5 + (-1 + 3)*2. Let d be w/(-4) + (-36531)/44. List the prime factors of (-26)/91 - d/14.
59
Let d(p) be the first derivative of 5*p**3/3 - p**2 - 12*p + 17. What are the prime factors of d(5)?
103
Let u(y) = -4*y - 9. Let l be u(-2). List the prime factors of (2 + -3)/(l - -2) + 34.
3, 11
Let j be (-2)/(-10) - (-8)/(-40). Suppose j = -o + 7 + 14. List the prime factors of o.
3, 7
Let h = -2872 - -5111. List the prime factors of h.
2239
Let h(l) = l**2 - 8*l - 9. Let i be h(7). List the prime factors of (1/3)/(i/(-96)).
2
Let g = 2005 + 810. List the prime factors of g.
5, 563
Let l(t) = -111*t - 344. What are the prime factors of l(-40)?
2
Suppose 2*x + 14 = x. Let t be (-39 - 2) + x/7. Let w = 69 + t. List the prime factors of w.
2, 13
Suppose 3*a + 9 = 3. Let h(g) = 4*g**2 - 3*g - 1. Let l be h(a). List the prime factors of 847/l + (-2)/(-3).
41
Suppose 9*t - 10*t - 47 = 0. Let i = t - -90. What are the prime factors of i?
43
Let g be 0/(-3)*(-3)/(-6). Let n be (-122*1 - g)/(-2). Let o = -42 + n. What are the prime factors of o?
19
Let c be (12/(-16))/(-1)*-168. Let w be c/10 + (-4)/10. Let n = 23 + w. What are the prime factors of n?
2, 5
Let i be (-49)/(-14) + (1/(-2) - 1). Suppose 0 = 5*p + i - 432. What are the prime factors of p?
2, 43
Suppose 0 = 3*t + 3, -5*h - 2*t + 3714 = -309. List the prime factors of h.
5, 7, 23
Suppose d + 5*n - 480 = 0, -45*d - 2260 = -50*d + 3*n. What are the prime factors of d?
5, 7, 13
Let b(p) be the second derivative of 5*p**3/3 - 5*p**2/2 + p. Suppose -12 = -5*j - y, 0*y - 2*y = 2*j. List the prime factors of b(j).
5
Let u(w) = -w**3 - 4*w**2 - 3*w - 26. Let b = -118 - -111. What are the prime factors of u(b)?
2, 71
What are the prime factors of ((-80)/12)/(-2)*279/6?
5, 31
Suppose 6*n - n - 15 = 0. List the prime factors of 18/12*146/n.
73
Let c(u) = 4*u - 3. Let x be c(2). Suppose -x*w + 269 = -241. List the prime factors of w.
2, 3, 17
Suppose 33*z + 945 = 186. Let h = -12 - -6. Let l = h - z. What are the prime factors of l?
17
Let l(i) = -i**3 + 2*i**2 + 4*i + 14. List the prime factors of l(-7).
7, 61
Let f(x) = 56*x + 16. Let s(n) = 11*n + 3. Let p(j) = 2*f(j) - 11*s(j). What are the prime factors of p(-3)?
2, 13
Suppose 1 = 2*q - 5*r, -18 + 6 = -4*r. List the prime factors of (-5)/((-15)/(-318))*(-4)/q.
53
Let q = 23 + -20. Let c be (-18)/(-10)*10/q. Suppose b - 245 = -c*b. What are the prime factors of b?
5, 7
Suppose -9*i + 5*i = -32. Let t(r) be the first derivative of r**4/4 - 8*r**3/3 + 3*r**2 + r - 2. List the prime factors of t(i).
7
Suppose 0 = -3*j + 5*f - 9, -j + 2 = 3*f + 5. What are the prime factors of (-236*j/6)/1?
2, 59
What are the prime factors of 2/(-11) - 6092085/(-1749)?
3, 43
Let u(l) be the first derivative of 5*l**2/2 + 6*l + 13. What are the prime factors of u(9)?
3, 17
Let b(f) = 19*f - 8*f - 10*f. Let v be b(-4). What are the prime factors of (-1 - -3) + v - -57?
5, 11
Let a(k) = 2038*k**2 + k - 2. What are the prime factors of a(1)?
3, 7, 97
Suppose -18 = -4*b - 2. Suppose -b*x - 88 = -3*o, 2*o + 4*x = 50 + 42. What are the prime factors of o?
2, 3
Let p(d) = -5*d**3 - 7*d**2 - 18*d - 32. List the prime factors of p(-5).
2, 127
Suppose 4*d + 448 = 2948. What are the prime factors of d?
5
Let o = 85 + -83. Let r(z) =